 digit of 33771059?
0
What is the millions digit of 88654391?
8
What is the units digit of 35768363?
3
What is the hundreds digit of 5154108184?
1
What is the thousands digit of 1005585691?
5
What is the ten millions digit of 50688893?
5
What is the ten thousands digit of 76132598?
3
What is the thousands digit of 4840127?
0
What is the tens digit of 6950830724?
2
What is the hundred thousands digit of 51628232?
6
What is the ten thousands digit of 71274932?
7
What is the units digit of 20043134?
4
What is the hundred thousands digit of 360118997?
1
What is the thousands digit of 7273564?
3
What is the ten millions digit of 4369590618?
6
What is the units digit of 32967650?
0
What is the ten thousands digit of 666890963?
9
What is the hundreds digit of 48402143?
1
What is the hundred millions digit of 1456206059?
4
What is the ten thousands digit of 1884813312?
1
What is the units digit of 3448464938?
8
What is the tens digit of 564898253?
5
What is the ten thousands digit of 388409641?
0
What is the ten thousands digit of 107023377?
2
What is the hundreds digit of 1047877718?
7
What is the tens digit of 76089044?
4
What is the units digit of 36112702?
2
What is the hundreds digit of 685688335?
3
What is the thousands digit of 198111959?
1
What is the tens digit of 30971153?
5
What is the hundreds digit of 327649125?
1
What is the tens digit of 320245146?
4
What is the units digit of 90985639?
9
What is the hundred thousands digit of 224394042?
3
What is the millions digit of 2490941838?
0
What is the thousands digit of 430735972?
5
What is the millions digit of 12481468?
2
What is the ten millions digit of 2429807787?
2
What is the hundred thousands digit of 993473892?
4
What is the thousands digit of 46651807?
1
What is the hundreds digit of 3673577293?
2
What is the units digit of 192477958?
8
What is the hundred thousands digit of 739589850?
5
What is the ten thousands digit of 368073028?
7
What is the tens digit of 290376689?
8
What is the hundred thousands digit of 896934253?
9
What is the thousands digit of 98893444?
3
What is the hundred thousands digit of 238249272?
2
What is the hundred millions digit of 2329321378?
3
What is the ten thousands digit of 224728377?
2
What is the hundred thousands digit of 721488965?
4
What is the ten thousands digit of 489188613?
8
What is the thousands digit of 106450244?
0
What is the thousands digit of 44339252?
9
What is the ten millions digit of 714657576?
1
What is the hundred millions digit of 2392394282?
3
What is the units digit of 597529489?
9
What is the thousands digit of 80496512?
6
What is the millions digit of 298056226?
8
What is the ten millions digit of 168428136?
6
What is the hundred millions digit of 259871412?
2
What is the units digit of 1296518169?
9
What is the tens digit of 42199045?
4
What is the ten thousands digit of 347241934?
4
What is the units digit of 574229432?
2
What is the thousands digit of 198268678?
8
What is the tens digit of 154644347?
4
What is the ten millions digit of 143311406?
4
What is the millions digit of 45411322?
5
What is the hundred millions digit of 221161615?
2
What is the ten millions digit of 338298204?
3
What is the units digit of 648636113?
3
What is the millions digit of 71873247?
1
What is the units digit of 754261818?
8
What is the units digit of 70216776?
6
What is the tens digit of 251249202?
0
What is the thousands digit of 49226241?
6
What is the millions digit of 819782520?
9
What is the thousands digit of 110267253?
7
What is the hundred millions digit of 277306907?
2
What is the tens digit of 204996883?
8
What is the tens digit of 401936063?
6
What is the hundreds digit of 94207016?
0
What is the hundred millions digit of 1927193565?
9
What is the tens digit of 67897064?
6
What is the ten thousands digit of 2906681531?
8
What is the units digit of 77093064?
4
What is the thousands digit of 45777437?
7
What is the tens digit of 246237885?
8
What is the millions digit of 3673494799?
3
What is the ten millions digit of 133594150?
3
What is the hundred thousands digit of 3303289595?
2
What is the ten millions digit of 4684766059?
8
What is the units digit of 7620853?
3
What is the tens digit of 213282678?
7
What is the thousands digit of 694945106?
5
What is the billions digit of 4042668794?
4
What is the hundred millions digit of 1224940441?
2
What is the ten thousands digit of 632038774?
3
What is the thousands digit of 19717976?
7
What is the hundred millions digit of 181325896?
1
What is the ten thousands digit of 78187041?
8
What is the hundreds digit of 94651768?
7
What is the hundred millions digit of 158014421?
1
What is the billions digit of 1278314813?
1
What is the units digit of 783956021?
1
What is the ten millions digit of 1351840473?
5
What is the hundred millions digit of 522285093?
5
What is the hundreds digit of 147096898?
8
What is the hundred millions digit of 193941735?
1
What is the tens digit of 53230570?
7
What is the ten thousands digit of 73426245?
2
What is the units digit of 337767077?
7
What is the ten thousands digit of 45169280?
6
What is the hundreds digit of 513314952?
9
What is the billions digit of 1586882923?
1
What is the tens digit of 2849038711?
1
What is the units digit of 322101566?
6
What is the units digit of 36760713?
3
What is the millions digit of 8358632920?
8
What is the hundred thousands digit of 1928587561?
5
What is the millions digit of 69990195?
9
What is the thousands digit of 80591137?
1
What is the hundred millions digit of 438514396?
4
What is the hundreds digit of 258179975?
9
What is the ten thousands digit of 70807820?
0
What is the millions digit of 230253236?
0
What is the thousands digit of 22740312?
0
What is the millions digit of 86135145?
6
What is the millions digit of 800690636?
0
What is the ten millions digit of 66834323?
6
What is the millions digit of 27425153?
7
What is the hundred millions digit of 518723040?
5
What is the millions digit of 618857213?
8
What is the ten millions digit of 643606360?
4
What is the units digit of 11723186?
6
What is the thousands digit of 3458100449?
0
What is the units digit of 5362074168?
8
What is the ten millions digit of 442968275?
4
What is the tens digit of 298141911?
1
What is the units digit of 159246946?
6
What is the units digit of 39129065?
5
What is the units digit of 684392703?
3
What is the hundreds digit of 261242256?
2
What is the hundreds digit of 126313382?
3
What is the units digit of 481878?
8
What is the ten millions digit of 1507053243?
0
What is the hundreds digit of 292525548?
5
What is the hundreds digit of 67294024?
0
What is the units digit of 3409041742?
2
What is the hundreds digit of 88707194?
1
What is the millions digit of 344312254?
4
What is the units digit of 486961921?
1
What is the units digit of 130990107?
7
What is the tens digit of 165914075?
7
What is the thousands digit of 7396448?
6
What is the ten millions digit of 43296954?
4
What is the hundred thousands digit of 97620970?
6
What is the hundreds digit of 3776700?
7
What is the thousands digit of 279001283?
1
What is the hundred thousands digit of 57187618?
1
What is the millions digit of 59774141?
9
What is the tens digit of 359373963?
6
What is the hundreds digit of 63294993?
9
What is the ten thousands digit of 29312039?
1
What is the units digit of 996581516?
6
What is the units digit of 5600890522?
2
What is the hundreds digit of 2655435447?
4
What is the ten thousands digit of 158323982?
2
What is the hundreds digit of 17412433?
4
What is the millions digit of 34409817?
4
What is the ten millions digit of 108399552?
0
What is the ten millions digit of 3808598671?
0
What is the billions digit of 1965521815?
1
What is the units digit of 350331293?
3
What is the hundred thousands digit of 48149821?
1
What is the ten millions digit of 138387027?
3
What is the hundreds digit of 16540435?
4
What is the millions digit of 169772007?
9
What is the hundred millions digit of 725243781?
7
What is the thousands digit of 42396408?
6
What is the ten thousands digit of 15119377?
1
What is the tens digit of 169560708?
0
What is the units digit of 65167891?
1
What is the hundred thousands digit of 828233790?
2
What is the tens digit of 1209691029?